 12847. What is the highest common divisor of y and 39?
39
Suppose 4*q - 59 - 1 = 0. Let v be q*(3/6)/((-3)/(-6)). What is the highest common factor of 105 and v?
15
Let g(q) = -q**2 - 6*q + 1. Suppose 30 = -5*z - 0*z. Let b be g(z). Let w be (4/20)/b - (-36)/20. What is the greatest common divisor of w and 14?
2
Let k be 1/(12/20 - 42/120). Suppose 4*g - 64 = k*p, -18*p - 10 = -16*p. What is the highest common factor of 33 and g?
11
Let f be (-40)/30*(-75)/2. Let c = 106 - f. Suppose 0*q + 4*q + 56 = 4*g, -4*g - 2*q = -c. What is the greatest common divisor of 21 and g?
7
Let l(o) = -o - 1 + 2 + 2 + o**2 - 8. Let a be l(-3). Suppose -a*q + 0*q + 70 = 0. Calculate the greatest common factor of q and 5.
5
Suppose s + 3*a - 19 = 0, -s + 216*a - 212*a = -89. Let r be ((-686)/6)/(1/(-3)). What is the greatest common factor of r and s?
49
Suppose 9 = 2*t - 0*t + 3*m, 4*m - 12 = 5*t. Suppose t = 6*y - 244 - 470. Let i = 35 + y. What is the highest common factor of 22 and i?
22
Let n(l) = 16*l**2 + l - 3. Let g be n(5). Let c = g - 308. Let q(v) = 140*v + 1. Let j be q(1). What is the greatest common divisor of c and j?
47
Let b = -3456 - -3672. Calculate the greatest common divisor of 3960 and b.
72
Suppose 16*f + 2477 = -115. Let r = -160 - f. What is the highest common divisor of r and 26?
2
Suppose -9*t + 117 = -14*t + 4*p, -t - 5*p = 35. Let f be ((-270)/t)/9*20. Calculate the highest common factor of 60 and f.
12
Let f(c) = 3*c**2 - 7*c - 9*c + 3 - 3*c + c**3 + 15*c. Let n be f(-4). Suppose n*v - 72 = -3*v. Calculate the highest common divisor of 24 and v.
12
Suppose -8*j + 3334 = 374. Suppose 0 = 92*i - 97*i + j. Calculate the highest common factor of 185 and i.
37
Suppose -v + 26*a + 124 = 21*a, -5*v + 528 = -2*a. What is the highest common divisor of v and 884?
52
Let u = -8367 + 14310. Calculate the greatest common divisor of 21 and u.
21
Let h be (4040/(-560) - (-2)/(-4))*-210. Suppose -5*s = -2*x + 617, -3*s = 7*x - 2*x - h. Calculate the highest common divisor of x and 3.
3
Let z be ((-10)/(-12) - (498/36 - 9)) + 294. Calculate the greatest common factor of 1595 and z.
145
Suppose 5*x = -8*v + 6*v + 433, -233 = -v + 3*x. Let d be 1/(-2) + v/64. What is the greatest common divisor of d and 33?
3
Let r be -8 - ((-7 - -10) + -16). Let m(w) = -9*w - 27. Let d be m(-8). Calculate the greatest common divisor of r and d.
5
Let n be (-4572)/(-504) + 1/(-14). Let z be 2*(-3 - (-138)/4). Calculate the greatest common factor of n and z.
9
Let b(p) = 18*p - 30. Let w be b(7). Suppose 5*t = m + 149, 2*t = -2*t - 5*m + 96. Suppose -28*h = -t*h + w. Calculate the greatest common factor of h and 12.
12
Suppose 7*x - 4*x = -l + 1315, -4*x = -4*l - 1780. What is the greatest common factor of 10 and x?
10
Let h(x) = 1040*x**2 + 11*x + 13. Let w be h(-2). Calculate the greatest common divisor of 14 and w.
7
Suppose -3*n + 4*n = y - 400, -2*y - 3*n = -780. What is the highest common divisor of 286 and y?
22
Let q = 7 + -10. Let d be -18*((-51)/9 - q). Let w be (-868)/(-7) - 4/1. Calculate the highest common divisor of w and d.
24
Let h(u) = u**3 + 9*u**2 + 10*u + 17. Let y be h(-8). Let p(t) = 20*t**2 + 5*t - 4. Let x be p(y). What is the greatest common factor of 336 and x?
21
Let d be ((-100)/(-12))/((-35)/(-15) + -2). Let x be 2/4*(d + -11). Calculate the highest common divisor of x and 469.
7
Let y = 130 - -140. Suppose 0 = -8*q + 5*q - 6. Let r be (33 - (q - 1)/(-3)) + -2. What is the greatest common divisor of y and r?
30
Let r(b) = -3*b + 26. Let s be r(11). Let x be 279 + 0 + (s - -3). Suppose -2*i + i = 4*g - x, -i - 75 = -g. What is the greatest common factor of 14 and g?
14
Suppose 3*t - 10*t = -1960. Let q = 112 + t. Calculate the highest common factor of q and 56.
56
Let r(a) = a**2 - 21*a - 10. Let s be r(20). Let m = s - -34. Suppose -m*p = -72 - 32. What is the highest common factor of 182 and p?
26
Let w be ((-16219)/(-14) + -5)*(-1 + 3). Suppose -w = -9*y - 228. What is the greatest common divisor of y and 33?
33
Suppose -4*b - 222 - 6 = -5*f, -4*f + b = -178. Let j = 180 - 147. What is the greatest common divisor of j and f?
11
Let n(d) = 10*d**2 + d**3 + 0*d + 8 + 4*d + 7*d. Let l = 456 - 464. Let f be n(l). Calculate the greatest common factor of 72 and f.
24
Let q be 3/6 - 6/4. Let v be q - (-1 + 33 + 0). Let b = v + 35. What is the highest common factor of 5 and b?
1
Let f(q) = 6*q + 3. Let y be f(0). Suppose 3*i + 3*z - 348 = 0, 2*z = 6*i - y*i - 323. What is the greatest common factor of 259 and i?
37
Suppose -36*k = -33*k - 1347. Let i = k + 254. What is the highest common factor of 19 and i?
19
Let q = 142 + -140. Suppose 11 = 2*c - l, 0 = 2*c - q*l - 8 - 2. What is the highest common divisor of 6 and c?
6
Let y(v) = 5*v**2 + 1. Let n be y(1). Suppose n*w - 4*w = 0. Suppose z + 89 = l, w*l + 3*l - 281 = -4*z. Calculate the highest common divisor of l and 13.
13
Suppose -3*c - 27340 = -4*g, -27312 = -4*g + 116*c - 120*c. Calculate the highest common factor of 56 and g.
56
Suppose 4808 = 8*q - 5*h - 906, 0 = 5*q + 4*h - 3557. What is the greatest common divisor of q and 1403?
23
Suppose 3*y - g = -4*g + 15, -y + 5*g = 13. Suppose -274 - y = -4*b. What is the highest common divisor of b and 115?
23
Let q be 8 + 132/(-16) - 4499/(-44). Calculate the greatest common factor of 15198 and q.
102
Suppose 223*j - 1296 = 205*j. What is the highest common factor of j and 1896?
24
Let n = 16554 + -10836. What is the greatest common factor of n and 6?
6
Let t(n) = -139*n - 734. Let b be t(-6). Calculate the highest common factor of b and 5.
5
Let z(o) = -o**3 + 96*o**2 + 135*o - 410. Let b be z(94). What is the greatest common divisor of 18 and b?
18
Let i(o) = -o**3 + 9*o**2 - 11*o + 16. Let t be i(8). Let j be t/4 + -3 + 11. Let s = -11 + 89. Calculate the highest common divisor of j and s.
6
Suppose 0 = 2*m - 4*q - 56, 4*q + 30 = 4*m - 102. Suppose -15*n = -m - 112. Let u be 0 - -1*(7 - 2). What is the greatest common factor of u and n?
5
Suppose 5*a - 472 = -47. Let t = a - -90. Let y(f) = 7*f + 284. Let r be y(-37). Calculate the greatest common factor of t and r.
25
Let a = 49 - 30. Let b = -57360 + 57607. Calculate the highest common factor of a and b.
19
Let z(c) = -c**2 - 69*c + 71. Let o be z(-69). What is the greatest common divisor of o and 3?
1
Suppose 23480*d + 57722 = 23518*d. What is the greatest common factor of 539 and d?
49
Suppose -3*z + 10 = -14. Suppose 0 = -3*f + z*f - 160. Let y = 386 + -306. What is the highest common divisor of y and f?
16
Let b(y) = 69*y - 2523. Let k be b(41). Calculate the greatest common factor of k and 72.
18
Let h be ((-2892)/9 - -2)/((-3)/9). Suppose -31*m = -6197 + h. Calculate the greatest common divisor of 13 and m.
13
Let p(l) = -7*l + 2072. Let w be p(0). Let g be -4*(w/(-16) - 3). What is the greatest common factor of g and 10?
10
Let c(k) = k**2 + 6*k - 5. Let x be c(4). Let q(r) = 3*r**3 - 12*r**2 + 80*r - 346. Let j be q(6). What is the greatest common divisor of j and x?
35
Let p be (-14)/(-42) + 114/9. Let v(u) = 5 + 3 + 11*u - 6 + 8. Let y be v(p). Calculate the highest common factor of 17 and y.
17
Let f be (-41)/(-5) - (-15 - 1520/(-100)). What is the greatest common factor of 9704 and f?
8
Let u = 5407 - 5401. What is the greatest common divisor of 4740 and u?
6
Suppose -5*m = 3*u - 726, -5*u = -7*m + 3*m + 603. Suppose -11*l + 7 = -m. What is the highest common factor of 350 and l?
14
Let l be (-40)/(-1)*1/2. Let c = -54 - -43. Let h(z) = -z - 3. Let q be h(c). Calculate the greatest common factor of q and l.
4
Suppose -6960 = -2*h + 5*p, 51*p - 3469 = -h + 48*p. Calculate the highest common divisor of h and 25.
25
Let j = -29 + 24. Let m be 5 + 157 + (j - -5). What is the greatest common factor of m and 27?
27
Let y(l) be the second derivative of -41*l + 9*l**2 + 0 - 15/2*l**3. Let n be y(-2). What is the highest common divisor of n and 27?
27
Let x be (-47 - -52)*(18/5 - -3). What is the highest common divisor of 3817 and x?
11
Let a be 5/270*847194 + (-6)/(-27). Calculate the highest common factor of a and 145.
29
Suppose 14*a + 312 - 20472 = -7*a. Calculate the greatest common factor of 55 and a.
5
Let q be (-208)/(-1040) + ((-6)/(-9))/(10/4527). What is the highest commo